{"id":420,"date":"2015-11-24T19:21:31","date_gmt":"2015-11-24T18:21:31","guid":{"rendered":"http:\/\/mickinformatique.ddns.net\/MickInformatique\/?page_id=420"},"modified":"2021-05-28T17:16:31","modified_gmt":"2021-05-28T15:16:31","slug":"tarifs","status":"publish","type":"page","link":"https:\/\/mickinformatique.fr\/index.php\/tarifs\/","title":{"rendered":"Tarifs"},"content":{"rendered":"<div id=\"pl-420\"  class=\"panel-layout\" ><div id=\"pg-420-0\"  class=\"panel-grid panel-has-style\" ><div style=\"padding: 100px 0; \" data-overlay=\"true\" class=\"panel-row-style panel-row-style-for-420-0\" ><div id=\"pgc-420-0-0\"  class=\"panel-grid-cell\" ><div id=\"panel-420-0-0-0\" class=\"so-panel widget widget_black-studio-tinymce widget_black_studio_tinymce panel-first-child panel-last-child\" data-index=\"0\" ><h3 class=\"widget-title\">Tarifs<\/h3><div class=\"textwidget\"><p><span style=\"color: #000000;\">Conditions des forfaits:<\/span><\/p>\n<p><span style=\"color: #808080;\">Je vous propose un syst\u00e8me de facturation transparent, pas de facturation \u00e0 l'heure, mais au r\u00e9sultat, vous ne payez que le forfait choisi pour l'intervention, pas de surprise lors de la facturation, sur un mode satisfait ou rembours\u00e9.\u00a0<\/span><\/p>\n<p>\u00a0<\/p>\n<p><span style=\"color: #000000;\">Mes engagements pour vous satisfaire:<\/span><\/p>\n<p><span style=\"color: #808080;\">- Intervention au meilleur prix<\/span><\/p>\n<p><span style=\"color: #808080;\">- Prise de RV et intervention rapide<\/span><\/p>\n<p><span style=\"color: #808080;\">- Devis et diagnostic gratuit (si r\u00e9paration) sinon factur\u00e9 30\u20ac<br \/><\/span><\/p>\n<p><span style=\"color: #808080;\">- Information sur le prix avant toute intervention<\/span><\/p>\n<p><span style=\"color: #808080;\">- Suivi personnalis\u00e9 apr\u00e8s l'intervention<\/span><\/p>\n<p>\u00a0<\/p>\n<p><span style=\"color: #000000;\">NE RESTEZ PAS EN PANNE:<\/span><\/p>\n<p><span style=\"color: #999999;\"><span style=\"font-family: Times New Roman; font-size: medium;\"><span style=\"font-family: Arial;\">- <\/span><\/span>Au cas ou\u00a0la panne de votre ordinateur serait sup\u00e9rieur \u00e0 1 jour et n\u00e9cessitant son enl\u00e8vement en atelier, Mick Informatique met\u00a0\u00e0 votre disposition 1 pc en pr\u00eat gratuit (sous caution) et sous r\u00e9serve de disponibilit\u00e9<\/span><\/p>\n<p>\u00a0<\/p>\n<p><span style=\"color: #000000;\">Et des garanties:<\/span><\/p>\n<p><span style=\"color: #808080;\">- aucune facture si le probl\u00e8me reste non r\u00e9gl\u00e9<\/span><\/p>\n<p><span style=\"color: #808080;\">- intervention gratuite si le m\u00eame probl\u00e8me r\u00e9apparait dans les 15 jours, par voie de d\u00e9r\u00e8glement naturel (hors de garantie intervention humaine ou autre probl\u00e8me engendrant le m\u00eame sympt\u00f4me)<\/span><\/p>\n<p>\u00a0<\/p>\n<p><span style=\"color: #808080;\"><span style=\"color: #000000;\">D\u00e9roulement de l'intervention:<\/span><\/span><\/p>\n<p><span style=\"color: #808080;\">Mes\u00a0devis et diagnostics sont gratuits (si r\u00e9paration).\u00a0J'interviens\u00a0 \u00e0 votre domicile et fais un diagnostic en moins de 30 minutes<\/span><\/p>\n<p><span style=\"color: #808080;\">- Soit le probl\u00e8me est r\u00e9parable tout de suite (virus, param\u00e9trage Windows)<\/span><\/p>\n<p><span style=\"color: #808080;\">- Soit le probl\u00e8me vient d'un composant ou autre qui n\u00e9cessite une intervention au-del\u00e0 d'1 heure. Dans ce cas pr\u00e9cis,\u00a0j'emm\u00e8ne votre mat\u00e9riel dans mon atelier et <\/span><span style=\"color: #808080;\">\u00e9tablit un devis avec le montant exacte des r\u00e9parations,\u00a0je vous appelle ou vous envoie un mail\u00a0pour que vous validiez le montant de la r\u00e9paration. Votre mat\u00e9riel est r\u00e9par\u00e9 et restituez dans les 48h<\/span><\/p>\n<p><span style=\"color: #808080;\">A la restitution je r\u00e9installe tous les p\u00e9riph\u00e9riques et effectue la mise en marche de votre mat\u00e9riel<\/span><\/p>\n<p>\u00a0<\/p>\n<p><span style=\"text-decoration: underline;\"><span style=\"color: #000000;\"><a style=\"color: #000000; text-decoration: underline;\" href=\"http:\/\/mickinformatique.fr\/index.php\/tarifs\/pour-les-particuliers\/\">Tarifs pour les particuliers<\/a><\/span><\/span><\/p>\n<p><span style=\"text-decoration: underline;\"><span style=\"color: #000000;\"><a style=\"color: #000000; text-decoration: underline;\" href=\"http:\/\/mickinformatique.fr\/index.php\/tarifs\/pour-les-entreprises\/\">Tarifs pour les entreprises<\/a><\/span><\/span><\/p>\n<p>\u00a0<\/p>\n<p>\u00a0<\/p>\n<\/div><\/div><\/div><\/div><\/div><\/div>","protected":false},"excerpt":{"rendered":"<p>Conditions des forfaits:Je vous propose un syst\u00e8me de facturation transparent, pas de facturation \u00e0 l&rsquo;heure, mais au r\u00e9sultat, vous ne payez que [&hellip;]<\/p>\n","protected":false},"author":1,"featured_media":0,"parent":0,"menu_order":3,"comment_status":"closed","ping_status":"closed","template":"","meta":{"footnotes":""},"class_list":["post-420","page","type-page","status-publish","hentry"],"_links":{"self":[{"href":"https:\/\/mickinformatique.fr\/index.php\/wp-json\/wp\/v2\/pages\/420","targetHints":{"allow":["GET"]}}],"collection":[{"href":"https:\/\/mickinformatique.fr\/index.php\/wp-json\/wp\/v2\/pages"}],"about":[{"href":"https:\/\/mickinformatique.fr\/index.php\/wp-json\/wp\/v2\/types\/page"}],"author":[{"embeddable":true,"href":"https:\/\/mickinformatique.fr\/index.php\/wp-json\/wp\/v2\/users\/1"}],"replies":[{"embeddable":true,"href":"https:\/\/mickinformatique.fr\/index.php\/wp-json\/wp\/v2\/comments?post=420"}],"version-history":[{"count":9,"href":"https:\/\/mickinformatique.fr\/index.php\/wp-json\/wp\/v2\/pages\/420\/revisions"}],"predecessor-version":[{"id":633,"href":"https:\/\/mickinformatique.fr\/index.php\/wp-json\/wp\/v2\/pages\/420\/revisions\/633"}],"wp:attachment":[{"href":"https:\/\/mickinformatique.fr\/index.php\/wp-json\/wp\/v2\/media?parent=420"}],"curies":[{"name":"wp","href":"https:\/\/api.w.org\/{rel}","templated":true}]}}