{"id":161,"date":"2015-08-04T21:48:13","date_gmt":"2015-08-04T19:48:13","guid":{"rendered":"http:\/\/192.168.1.14\/Wordpress\/?page_id=161"},"modified":"2026-02-02T09:30:25","modified_gmt":"2026-02-02T08:30:25","slug":"telechargement","status":"publish","type":"page","link":"https:\/\/mickinformatique.fr\/index.php\/telechargement\/","title":{"rendered":"T\u00e9l\u00e9chargement"},"content":{"rendered":"<div id=\"pl-161\"  class=\"panel-layout\" ><div id=\"pg-161-0\"  class=\"panel-grid panel-has-style\" ><div style=\"padding: 100px 0; \" data-overlay=\"true\" class=\"panel-row-style panel-row-style-for-161-0\" ><div id=\"pgc-161-0-0\"  class=\"panel-grid-cell\" ><div id=\"panel-161-0-0-0\" class=\"so-panel widget widget_black-studio-tinymce widget_black_studio_tinymce panel-first-child panel-last-child\" data-index=\"0\" ><div style=\"text-align: left;\" data-title-color=\"#443f3f\" data-headings-color=\"#443f3f\" class=\"panel-widget-style panel-widget-style-for-161-0-0-0\" ><h3 class=\"widget-title\">T\u00e9l\u00e9chargement s\u00e9curis\u00e9<\/h3><div class=\"textwidget\"><section style=\"max-width: 1000px; margin: auto; padding: 20px; font-family: Arial, sans-serif; text-align: center;\">\n<p style=\"color: #000; font-size: 16px;\">La plupart du temps, lorsque vous t\u00e9l\u00e9chargez des logiciels sur des sites comme 01net ou Clubic, vous pouvez, sans le vouloir, installer des programmes ind\u00e9sirables. Ces logiciels, au lieu d\u2019am\u00e9liorer les performances de votre ordinateur, peuvent le ralentir et provoquer des dysfonctionnements.<\/p>\n<p style=\"color: #000; font-size: 16px;\">Avec <strong>Mick Informatique<\/strong>, t\u00e9l\u00e9chargez vos logiciels en toute tranquillit\u00e9. Je mets \u00e0 votre disposition les logiciels les plus couramment utilis\u00e9s, s\u00e9lectionn\u00e9s et fournis de mani\u00e8re s\u00e9curis\u00e9e, sans programmes ind\u00e9sirables.<\/p>\n<div style=\"display: flex; flex-wrap: wrap; justify-content: center; gap: 20px; margin-top: 30px;\">\n<p><!-- Carte Rustdesk --><\/p>\n<div style=\"background: linear-gradient(135deg, #00c6ff, #0072ff); color: #fff; border-radius: 12px; width: 260px; padding: 20px; box-shadow: 0 6px 15px rgba(0,0,0,0.2); transition: transform 0.3s;\">\n<div style=\"display: flex; justify-content: space-between; align-items: center;\">\n<h3 style=\"margin: 0;\">Rustdesk<\/h3>\n<p><span style=\"background: #fff; color: #0072ff; font-size: 12px; font-weight: bold; padding: 2px 6px; border-radius: 4px;\">Officiel<\/span><\/p>\n<\/div>\n<p style=\"font-size: 14px; margin: 10px 0;\">Acc\u00e8s distant simple et s\u00e9curis\u00e9. Permet une intervention rapide sur votre ordinateur en cas de panne.<\/p>\n<p><a style=\"display: inline-block; margin-top: 10px; background: #fff; color: #0072ff; font-weight: bold; padding: 8px 12px; border-radius: 6px; text-decoration: none;\" href=\"https:\/\/github.com\/rustdesk\/rustdesk\/releases\/tag\/1.4.5\" target=\"_blank\" rel=\"noopener noreferrer\">T\u00e9l\u00e9charger<\/a><\/p>\n<\/div>\n<p><!-- Carte CCleaner --><\/p>\n<div style=\"background: linear-gradient(135deg, #ffb347, #ffcc33); color: #333; border-radius: 12px; width: 260px; padding: 20px; box-shadow: 0 6px 15px rgba(0,0,0,0.2); transition: transform 0.3s;\">\n<div style=\"display: flex; justify-content: space-between; align-items: center;\">\n<h3 style=\"margin: 0;\">CCleaner<\/h3>\n<p><span style=\"background: #fff; color: #ff9800; font-size: 12px; font-weight: bold; padding: 2px 6px; border-radius: 4px;\">Officiel<\/span><\/p>\n<\/div>\n<p style=\"font-size: 14px; margin: 10px 0;\">Nettoyage de fichiers temporaires et optimisation du syst\u00e8me pour lib\u00e9rer de l\u2019espace disque.<\/p>\n<p><a style=\"display: inline-block; margin-top: 10px; background: #fff; color: #ff9800; font-weight: bold; padding: 8px 12px; border-radius: 6px; text-decoration: none;\" href=\"https:\/\/www.ccleaner.com\/fr-fr\/ccleaner\/builds\" target=\"_blank\" rel=\"noopener noreferrer\">T\u00e9l\u00e9charger<\/a><\/p>\n<\/div>\n<p><!-- Carte WinRAR --><\/p>\n<div style=\"background: linear-gradient(135deg, #ff6a00, #ee0979); color: #fff; border-radius: 12px; width: 260px; padding: 20px; box-shadow: 0 6px 15px rgba(0,0,0,0.2); transition: transform 0.3s;\">\n<div style=\"display: flex; justify-content: space-between; align-items: center;\">\n<h3 style=\"margin: 0;\">WinRAR<\/h3>\n<p><span style=\"background: #fff; color: #ee0979; font-size: 12px; font-weight: bold; padding: 2px 6px; border-radius: 4px;\">Officiel<\/span><\/p>\n<\/div>\n<p style=\"font-size: 14px; margin: 10px 0;\">Compression et d\u00e9compression de fichiers RAR et ZIP pour r\u00e9duire leur taille ou regrouper plusieurs documents.<\/p>\n<p><a style=\"display: inline-block; margin-top: 10px; background: #fff; color: #ee0979; font-weight: bold; padding: 8px 12px; border-radius: 6px; text-decoration: none;\" href=\"https:\/\/www.rarlab.com\/\" target=\"_blank\" rel=\"noopener noreferrer\">T\u00e9l\u00e9charger<\/a><\/p>\n<\/div>\n<p><!-- Carte VLC Media Player --><\/p>\n<div style=\"background: linear-gradient(135deg, #7f00ff, #e100ff); color: #fff; border-radius: 12px; width: 260px; padding: 20px; box-shadow: 0 6px 15px rgba(0,0,0,0.2); transition: transform 0.3s;\">\n<div style=\"display: flex; justify-content: space-between; align-items: center;\">\n<h3 style=\"margin: 0;\">VLC Media Player<\/h3>\n<p><span style=\"background: #fff; color: #e100ff; font-size: 12px; font-weight: bold; padding: 2px 6px; border-radius: 4px;\">Officiel<\/span><\/p>\n<\/div>\n<p style=\"font-size: 14px; margin: 10px 0;\">Lecteur multim\u00e9dia open source, capable de lire presque tous les formats audio et vid\u00e9o, ainsi que les flux en streaming.<\/p>\n<p><a style=\"display: inline-block; margin-top: 10px; background: #fff; color: #e100ff; font-weight: bold; padding: 8px 12px; border-radius: 6px; text-decoration: none;\" href=\"https:\/\/www.videolan.org\/vlc\/\" target=\"_blank\" rel=\"noopener noreferrer\">T\u00e9l\u00e9charger<\/a><\/p>\n<\/div>\n<p><!-- Carte 7-Zip Portable --><\/p>\n<div style=\"background: linear-gradient(135deg, #00ff7f, #00b359); color: #fff; border-radius: 12px; width: 260px; padding: 20px; box-shadow: 0 6px 15px rgba(0,0,0,0.2); transition: transform 0.3s;\">\n<div style=\"display: flex; justify-content: space-between; align-items: center;\">\n<h3 style=\"margin: 0;\">7-Zip Portable<\/h3>\n<p><span style=\"background: #fff; color: #00b359; font-size: 12px; font-weight: bold; padding: 2px 6px; border-radius: 4px;\">Officiel \/ Portable<\/span><\/p>\n<\/div>\n<p style=\"font-size: 14px; margin: 10px 0;\">Compression et d\u00e9compression de fichiers en toute l\u00e9g\u00e8ret\u00e9. Version portable, pas besoin d\u2019installation.<\/p>\n<p><a style=\"display: inline-block; margin-top: 10px; background: #fff; color: #00b359; font-weight: bold; padding: 8px 12px; border-radius: 6px; text-decoration: none;\" href=\"https:\/\/www.7-zip.org\/download.html\" target=\"_blank\" rel=\"noopener noreferrer\">T\u00e9l\u00e9charger<\/a><\/p>\n<\/div>\n<\/div>\n<\/section>\n<style>\n  section div:hover {<br \/>    transform: translateY(-5px);<br \/>    box-shadow: 0 10px 20px rgba(0,0,0,0.3);<br \/>  }\n<p>  section div a:hover {<br \/>    text-decoration: underline;<br \/>  }<br \/><\/p><\/style>\n<\/div><\/div><\/div><\/div><\/div><\/div><\/div>","protected":false},"excerpt":{"rendered":"<p>La plupart du temps, lorsque vous t\u00e9l\u00e9chargez des logiciels sur des sites comme 01net ou Clubic, vous pouvez, sans le vouloir, installer [&hellip;]<\/p>\n","protected":false},"author":1,"featured_media":0,"parent":0,"menu_order":4,"comment_status":"closed","ping_status":"closed","template":"","meta":{"footnotes":""},"class_list":["post-161","page","type-page","status-publish","hentry"],"_links":{"self":[{"href":"https:\/\/mickinformatique.fr\/index.php\/wp-json\/wp\/v2\/pages\/161","targetHints":{"allow":["GET"]}}],"collection":[{"href":"https:\/\/mickinformatique.fr\/index.php\/wp-json\/wp\/v2\/pages"}],"about":[{"href":"https:\/\/mickinformatique.fr\/index.php\/wp-json\/wp\/v2\/types\/page"}],"author":[{"embeddable":true,"href":"https:\/\/mickinformatique.fr\/index.php\/wp-json\/wp\/v2\/users\/1"}],"replies":[{"embeddable":true,"href":"https:\/\/mickinformatique.fr\/index.php\/wp-json\/wp\/v2\/comments?post=161"}],"version-history":[{"count":70,"href":"https:\/\/mickinformatique.fr\/index.php\/wp-json\/wp\/v2\/pages\/161\/revisions"}],"predecessor-version":[{"id":1012,"href":"https:\/\/mickinformatique.fr\/index.php\/wp-json\/wp\/v2\/pages\/161\/revisions\/1012"}],"wp:attachment":[{"href":"https:\/\/mickinformatique.fr\/index.php\/wp-json\/wp\/v2\/media?parent=161"}],"curies":[{"name":"wp","href":"https:\/\/api.w.org\/{rel}","templated":true}]}}