{"id":15,"date":"2015-07-28T17:39:12","date_gmt":"2015-07-28T15:39:12","guid":{"rendered":"http:\/\/192.168.1.14\/Wordpress\/?page_id=15"},"modified":"2026-01-27T22:08:33","modified_gmt":"2026-01-27T21:08:33","slug":"pour-les-particuliers","status":"publish","type":"page","link":"https:\/\/mickinformatique.fr\/index.php\/tarifs\/pour-les-particuliers\/","title":{"rendered":"Pour les particuliers"},"content":{"rendered":"<div id=\"pl-15\"  class=\"panel-layout\" ><div id=\"pg-15-0\"  class=\"panel-grid panel-has-style\" ><div style=\"padding: 100px 0; \" data-overlay=\"true\" class=\"panel-row-style panel-row-style-for-15-0\" ><div id=\"pgc-15-0-0\"  class=\"panel-grid-cell\" ><div id=\"panel-15-0-0-0\" class=\"so-panel widget widget_black-studio-tinymce widget_black_studio_tinymce panel-first-child\" data-index=\"0\" ><div style=\"text-align: left;\" data-title-color=\"#443f3f\" data-headings-color=\"#443f3f\" class=\"panel-widget-style panel-widget-style-for-15-0-0-0\" ><h3 class=\"widget-title\">Tarifs<\/h3><div class=\"textwidget\"><h2>\ud83d\udcbb Forfaits de d\u00e9pannage informatique<\/h2>\n<h3>\ud83d\udd27 Forfait 40 \u20ac TTC<\/h3>\n<p><strong>Intervention rapide \u2013 configuration &amp; installation<\/strong><\/p>\n<ul>\n<li>Installation de p\u00e9riph\u00e9riques informatiques (webcam, imprimante, appareil photo, etc.)<\/li>\n<li>Installation de logiciels gratuits ou sous licence<\/li>\n<li>Configuration d\u2019un client de messagerie<\/li>\n<li>Configuration antivirus, pare-feu ou contr\u00f4le parental<\/li>\n<li>Ajout d\u2019un ordinateur sur un r\u00e9seau Wi-Fi<\/li>\n<li>Partage de dossiers ou d\u2019imprimantes en r\u00e9seau (par poste)<\/li>\n<li>Installation et configuration de box Internet (Livebox, Freebox, etc.)<\/li>\n<\/ul>\n<hr \/>\n<h3>\ud83d\udee0\ufe0f Forfait 60 \u20ac TTC<\/h3>\n<p><strong>R\u00e9paration du d\u00e9marrage<\/strong><\/p>\n<ul>\n<li>Diagnostic et r\u00e9paration d\u2019un syst\u00e8me ne d\u00e9marrant plus<\/li>\n<\/ul>\n<hr \/>\n<h3>\ud83e\udda0 Forfait 80 \u20ac TTC<\/h3>\n<p><strong>Suppression de virus &amp; nettoyage complet<\/strong><\/p>\n<ul>\n<li>Analyse compl\u00e8te du syst\u00e8me<\/li>\n<li>Suppression des virus, logiciels espions et publicit\u00e9s ind\u00e9sirables<\/li>\n<li>Nettoyage approfondi de Windows 10 \/ 11<\/li>\n<\/ul>\n<hr \/>\n<h3>\ud83d\udda5\ufe0f Forfait 100 \u20ac TTC<\/h3>\n<p><strong>Installation et configuration d\u2019un nouveau PC \u00e0 domicile<\/strong><\/p>\n<ul>\n<li>Installation et param\u00e9trage du nouvel ordinateur<\/li>\n<li>Configuration des p\u00e9riph\u00e9riques<\/li>\n<li>Installation et configuration de la box Internet<\/li>\n<li>Configuration de la messagerie \u00e9lectronique<\/li>\n<li>Mise en place d\u2019une protection antivirus<\/li>\n<\/ul>\n<p><em>\u26a0\ufe0f Le transfert de donn\u00e9es n\u2019est pas inclus.<\/em><\/p>\n<hr \/>\n<h3>\u267b\ufe0f Forfait 110 \u20ac TTC<\/h3>\n<p><strong>R\u00e9installation de Windows (sans sauvegarde)<\/strong><\/p>\n<ul>\n<li>Formatage du disque<\/li>\n<li>R\u00e9installation de Windows 10 \/ 11<\/li>\n<\/ul>\n<hr \/>\n<h2>\ud83d\udcbe R\u00e9cup\u00e9ration de donn\u00e9es perdues ou effac\u00e9es<\/h2>\n<p><strong>Supports :<\/strong> HDD \/ SSD \/ cl\u00e9 USB \/ carte SD<\/p>\n<h3>\ud83d\udcc2 Donn\u00e9es lisibles \u2013 Simple copie<\/h3>\n<p>R\u00e9cup\u00e9ration de donn\u00e9es sur une unit\u00e9 de stockage en bon \u00e9tat de fonctionnement<br \/>\n(exemple : lors d\u2019une r\u00e9installation de Windows).<\/p>\n<ul>\n<li>Entre 1 Go et 200 Go : <strong>9 \u20ac + (taille en Go \u00d7 0,30 \u20ac)<\/strong><\/li>\n<li>Entre 201 Go et 500 Go : <strong>70 \u20ac (tarif fixe)<\/strong><\/li>\n<li>Entre 501 Go et 800 Go : <strong>80 \u20ac (tarif fixe)<\/strong><\/li>\n<li>Sup\u00e9rieur \u00e0 801 Go : <strong>90 \u20ac (tarif fixe)<\/strong><\/li>\n<\/ul>\n<p><em><br \/>\nPS : Un forfait de main-d\u2019\u0153uvre suppl\u00e9mentaire peut \u00eatre appliqu\u00e9 en cas d\u2019extraction<br \/>\ndifficile de l\u2019unit\u00e9 de stockage. Devis gratuit avant intervention.<br \/>\n<\/em><\/p>\n<hr \/>\n<h3>\ud83e\uddea Donn\u00e9es illisibles \u2013 R\u00e9cup\u00e9ration logicielle<\/h3>\n<p>R\u00e9cup\u00e9ration de donn\u00e9es effac\u00e9es sur une unit\u00e9 de stockage en bon \u00e9tat de fonctionnement.<br \/>\nUtilisation d\u2019un logiciel professionnel pouvant n\u00e9cessiter plusieurs jours<br \/>\n(scan + copie).<\/p>\n<ul>\n<li>Devis pr\u00e9alable : <strong>50 \u20ac + (taille en Go \u00d7 0,30 \u20ac)<\/strong><\/li>\n<\/ul>\n<p><em><br \/>\nPS : Un forfait de main-d\u2019\u0153uvre suppl\u00e9mentaire peut \u00eatre appliqu\u00e9 en cas d\u2019extraction<br \/>\ndifficile de l\u2019unit\u00e9 de stockage. Devis gratuit avant intervention.<br \/>\n<\/em><\/p>\n<hr \/>\n<h3>\u26a0\ufe0f Donn\u00e9es lisibles \u2013 Secteurs d\u00e9fectueux<\/h3>\n<p>R\u00e9cup\u00e9ration de donn\u00e9es sur une unit\u00e9 de stockage d\u00e9fectueuse<br \/>\n(ex : secteurs illisibles rendant la copie extr\u00eamement lente).<\/p>\n<ul>\n<li>Tarif : <strong>120 \u20ac \/ journ\u00e9e<\/strong> (scan + copie)<\/li>\n<\/ul>\n<\/div><\/div><\/div><div id=\"panel-15-0-0-1\" class=\"so-panel widget widget_black-studio-tinymce widget_black_studio_tinymce\" data-index=\"1\" ><div style=\"text-align: left;\" data-title-color=\"#443f3f\" data-headings-color=\"#443f3f\" class=\"panel-widget-style panel-widget-style-for-15-0-0-1\" ><div class=\"textwidget\"><h2>D\u00e9pannage en ligne<\/h2>\n<p><a href=\"http:\/\/mickinformatique.fr\/wp-content\/uploads\/2015\/07\/Depannage_distance.png\"><br \/>\n<img loading=\"lazy\" decoding=\"async\" class=\"size-full wp-image-299 alignleft\" src=\"http:\/\/mickinformatique.fr\/wp-content\/uploads\/2015\/07\/Depannage_distance.png\" alt=\"D\u00e9pannage informatique \u00e0 distance\" width=\"298\" height=\"205\" srcset=\"https:\/\/mickinformatique.fr\/wp-content\/uploads\/2015\/07\/Depannage_distance.png 298w, https:\/\/mickinformatique.fr\/wp-content\/uploads\/2015\/07\/Depannage_distance-230x158.png 230w\" sizes=\"auto, (max-width: 298px) 100vw, 298px\" \/><br \/>\n<\/a><\/p>\n<p style=\"color: #808080;\"><strong>Comment se d\u00e9roule le d\u00e9pannage en ligne ?<\/strong><\/p>\n<ol style=\"color: #808080;\">\n<li><strong>Premier contact par t\u00e9l\u00e9phone<\/strong> afin de v\u00e9rifier si l\u2019intervention \u00e0 distance est possible<br \/>\net de d\u00e9finir le niveau de difficult\u00e9 :\n<ul>\n<li><strong>Niveau 1<\/strong> : exemple : probl\u00e8me de messagerie<\/li>\n<li><strong>Niveau 2<\/strong> : exemple : \u00e9radication de virus<\/li>\n<li><strong>Niveau 3<\/strong> : intervention sup\u00e9rieure \u00e0 1h30<\/li>\n<\/ul>\n<\/li>\n<li>En fonction du niveau d\u00e9fini par t\u00e9l\u00e9phone, choisissez la prestation correspondante<br \/>\ndans le menu d\u00e9roulant et proc\u00e9dez \u00e0 l\u2019achat.<\/li>\n<li>Pour me permettre l\u2019acc\u00e8s \u00e0 votre ordinateur, le logiciel <strong>RustDesk<\/strong> doit \u00eatre d\u00e9marr\u00e9.\n<p>T\u00e9l\u00e9chargez-le en cliquant sur<br \/>\n<a style=\"text-decoration: none;\" href=\"https:\/\/github.com\/rustdesk\/rustdesk\/releases\/latest\" target=\"_blank\" rel=\"noopener\"><br \/>\n<span style=\"display: inline-flex; align-items: center; gap: 8px; padding: 6px 14px; border-radius: 20px; border: 2px solid #1f7ae0; color: #1f7ae0; font-weight: bold; transition: all 0.25s ease; cursor: pointer;\"><br \/>\n\u2b07\ufe0f RustDesk<br \/>\n<\/span><br \/>\n<\/a>.<\/p><\/li>\n<li>Vous devrez ensuite me communiquer l\u2019identifiant et le mot de passe affich\u00e9s.<\/li>\n<li>Laissez-vous guider, je m\u2019occupe du reste.<\/li>\n<\/ol>\n<\/div><\/div><\/div><div id=\"panel-15-0-0-2\" class=\"so-panel widget widget_text\" data-index=\"2\" ><div style=\"text-align: center;\" data-title-color=\"#443f3f\" data-headings-color=\"#443f3f\" class=\"panel-widget-style panel-widget-style-for-15-0-0-2\" >\t\t\t<div class=\"textwidget\"><form action=\"https:\/\/www.paypal.com\/cgi-bin\/webscr\" method=\"post\" target=\"_top\">\n<input type=\"hidden\" name=\"cmd\" value=\"_xclick\"\/>\n<input type=\"hidden\" name=\"business\" value=\"michaelm2017@outlook.fr\"\/>\n<input type=\"hidden\" name=\"lc\" value=\"FR\"\/>\n<input type=\"hidden\" name=\"button_subtype\" value=\"services\"\/>\n<input type=\"hidden\" name=\"no_note\" value=\"0\"\/>\n<input type=\"hidden\" name=\"currency_code\" value=\"EUR\"\/>\n<input type=\"hidden\" name=\"bn\" value=\"PP-BuyNowBF:btn_buynowCC_LG.gif:NonHostedGuest\"\/>\n<table>\n<tr><td><input type=\"hidden\" name=\"on0\" value=\"Mick Informatique vous depanne en ligne\"\/>Mick Informatique vous d\u00e9panne en ligne<\/td><\/tr><tr><td><select name=\"os0\">\n\t<option value=\"Niveau 1\">Niveau 1 \u20ac35,00 EUR<\/option>\n\t<option value=\"Niveau 2\">Niveau 2 \u20ac55,00 EUR<\/option>\n\t<option value=\"Niveau 3\">Niveau 3 \u20ac75,00 EUR<\/option>\n<\/select> <\/td><\/tr>\n<\/table>\n<input type=\"hidden\" name=\"currency_code\" value=\"EUR\"\/>\n<input type=\"hidden\" name=\"option_select0\" value=\"Niveau 1\"\/>\n<input type=\"hidden\" name=\"option_amount0\" value=\"35.00\"\/>\n<input type=\"hidden\" name=\"option_select1\" value=\"Niveau 2\"\/>\n<input type=\"hidden\" name=\"option_amount1\" value=\"55.00\"\/>\n<input type=\"hidden\" name=\"option_select2\" value=\"Niveau 3\"\/>\n<input type=\"hidden\" name=\"option_amount2\" value=\"75.00\"\/>\n<input type=\"hidden\" name=\"option_index\" value=\"0\"\/>\n<input type=\"image\" src=\"https:\/\/www.paypalobjects.com\/fr_FR\/FR\/i\/btn\/btn_buynowCC_LG.gif\" border=\"0\" name=\"submit\" alt=\"PayPal - la solution de paiement en ligne la plus simple et la plus s\u00e9curis\u00e9e !\"\/>\n<img loading=\"lazy\" decoding=\"async\" alt=\"\" border=\"0\" src=\"https:\/\/www.paypalobjects.com\/fr_FR\/i\/scr\/pixel.gif\" width=\"1\" height=\"1\"\/>\n<\/form>\n\n\n<\/div>\n\t\t<\/div><\/div><div id=\"panel-15-0-0-3\" class=\"so-panel widget widget_black-studio-tinymce widget_black_studio_tinymce panel-last-child\" data-index=\"3\" ><div style=\"text-align: left;\" data-title-color=\"#443f3f\" data-headings-color=\"#443f3f\" class=\"panel-widget-style panel-widget-style-for-15-0-0-3\" ><div class=\"textwidget\"><p><a href=\"http:\/\/mickinformatique.fr\/wp-content\/uploads\/2015\/08\/Logo_Paypal.png\"><img loading=\"lazy\" decoding=\"async\" class=\"aligncenter wp-image-306\" src=\"http:\/\/mickinformatique.fr\/wp-content\/uploads\/2015\/08\/Logo_Paypal.png\" alt=\"Logo_Paypal\" width=\"317\" height=\"139\" srcset=\"https:\/\/mickinformatique.fr\/wp-content\/uploads\/2015\/08\/Logo_Paypal.png 317w, https:\/\/mickinformatique.fr\/wp-content\/uploads\/2015\/08\/Logo_Paypal-300x132.png 300w, https:\/\/mickinformatique.fr\/wp-content\/uploads\/2015\/08\/Logo_Paypal-230x101.png 230w\" sizes=\"auto, (max-width: 317px) 100vw, 317px\" \/><\/a><\/p>\n<p><img alt=\"\" \/><\/p>\n<\/div><\/div><\/div><\/div><\/div><\/div><\/div>","protected":false},"excerpt":{"rendered":"<p>\ud83d\udcbb Forfaits de d\u00e9pannage informatique \ud83d\udd27 Forfait 40 \u20ac TTC Intervention rapide \u2013 configuration &amp; installation Installation de p\u00e9riph\u00e9riques informatiques (webcam, imprimante, [&hellip;]<\/p>\n","protected":false},"author":1,"featured_media":0,"parent":420,"menu_order":0,"comment_status":"closed","ping_status":"closed","template":"","meta":{"footnotes":""},"class_list":["post-15","page","type-page","status-publish","hentry"],"_links":{"self":[{"href":"https:\/\/mickinformatique.fr\/index.php\/wp-json\/wp\/v2\/pages\/15","targetHints":{"allow":["GET"]}}],"collection":[{"href":"https:\/\/mickinformatique.fr\/index.php\/wp-json\/wp\/v2\/pages"}],"about":[{"href":"https:\/\/mickinformatique.fr\/index.php\/wp-json\/wp\/v2\/types\/page"}],"author":[{"embeddable":true,"href":"https:\/\/mickinformatique.fr\/index.php\/wp-json\/wp\/v2\/users\/1"}],"replies":[{"embeddable":true,"href":"https:\/\/mickinformatique.fr\/index.php\/wp-json\/wp\/v2\/comments?post=15"}],"version-history":[{"count":151,"href":"https:\/\/mickinformatique.fr\/index.php\/wp-json\/wp\/v2\/pages\/15\/revisions"}],"predecessor-version":[{"id":951,"href":"https:\/\/mickinformatique.fr\/index.php\/wp-json\/wp\/v2\/pages\/15\/revisions\/951"}],"up":[{"embeddable":true,"href":"https:\/\/mickinformatique.fr\/index.php\/wp-json\/wp\/v2\/pages\/420"}],"wp:attachment":[{"href":"https:\/\/mickinformatique.fr\/index.php\/wp-json\/wp\/v2\/media?parent=15"}],"curies":[{"name":"wp","href":"https:\/\/api.w.org\/{rel}","templated":true}]}}